(-3 - (9 + -18)) + -46?
-39
Calculate -11 + 4 + 14 + 18 - 23.
2
34 + 3 + (-1982 - -2034)
89
What is the value of (-11 - (52 + 6 - 21)) + (12 - 2)?
-38
Calculate (65 + -82 - (-26 + 3)) + -73 + 2.
-65
Evaluate (-94 - -54 - -15) + 27.
2
Calculate 90 + (1 - 3) + (-2714 + 2737 - (-1 + 37)).
75
What is -70 + 50 + 25 + -23?
-18
Evaluate -6 - -1 - (-2 + -3 + (-13 - (-2 + -5))).
6
Calculate (-14 - (-42 - (30 + -27))) + 36.
67
(5 - -30 - 72) + 4 + 0 + 10
-23
What is the value of 2 - (-1 + 1 - 1) - (-595 - -320 - -276)?
2
Evaluate 98 - 71 - ((6 - 1) + 22).
0
Calculate (114 - 42 - 116) + (4 - -158).
118
(1482 - 1408) + (2 - 12)
64
What is the value of -10 - (-8 - (-41 + -7 + (-7 - -1)))?
-56
-5709 + 5714 + (0 - 1 - 6)
-2
Calculate -3 + (10 - 19 - (-8 - (5 + 1))) - -4.
6
What is 4 - -2 - (-50 + 13 + -14 + 13)?
44
What is -77 + (-51 - -70) - -13?
-45
What is 5 + -23 + -65 + 106?
23
(364 - 49 - 303) + -141 + 1 + -1
-129
Calculate (8 - (12 + 16)) + (11 - 28).
-37
Evaluate -39 + -2 + 65 + -41.
-17
Evaluate -9 - (10 - (10 - (21 + -2))) - (-6 - 0).
-22
Calculate 1 + 1 - ((-3 - 6) + -51 + 77).
-15
(0 - -67) + (-85 - -38 - -28)
48
Evaluate (0 + 5 - 4 - 3) + (-32 - (-24 - 47)).
37
Evaluate -29 + (10 - (29 + -3) - -32).
-13
-48 + 83 + -380 + 266
-79
What is 40 - ((-11 - -14) + 20) - -3?
20
1 - 60 - (-24 + -70)
35
-27 - 7 - (-9 + 7 - 10)
-22
What is 170 + -51 - 71 - 129?
-81
18 + ((3 - -4) + -24 - 6)
-5
Evaluate -45 + (42 - (-7 - 9)).
13
What is the value of 157 + -179 - (20 + 17)?
-59
What is (2 - 0 - 8) + 27 + (-32 - (6 + -34))?
17
What is -1 + 0 - (82 - 45 - (4 + 22))?
-12
Evaluate -6 + -39 + 27 + (-7 + 10 - 29 - -14).
-30
Calculate 60 + (4 + 6 + 1 + -5 - (1 - -14)).
51
Calculate -24 + (12 + -5 - -80).
63
What is (-4 - (-75 + -52)) + -25?
98
Calculate 87 + -16 - 38 - 2.
31
Evaluate -3 - 0 - ((-9 - (41 - 15)) + 32).
0
Calculate 24 + -43 + 66 + -54 + 0 + 35.
28
148 + -70 + -49 + -78
-49
What is -63 - (7 - 16 - 23)?
-31
-28 + 18 + (67 - 59)
-2
Calculate (78 - -1) + 120 + -184.
15
Evaluate 29 - 13 - (-5 - -46).
-25
Evaluate (52 - 9) + -6 + 11 + -7 - 8 - -8.
41
What is the value of -70 - ((-7 - (-16 + 9 + 8)) + -7 + 7)?
-62
Evaluate -101 - ((-23 - -31) + -16 + 6 + -18).
-81
63 + (14 - (-6 + 23 + (0 - -5)))
55
Calculate 90 + -29 + -65 - (2 + -1 + 6).
-11
What is the value of (-13 - (-20 + 7) - 13 - (-6 + 119)) + 10?
-116
What is the value of 139 + (20 + -17 - (12 + 8)) - 13?
109
Evaluate 28 + -30 + 49 - (13 - (4 + -2)).
36
What is the value of -3 - 1 - (4 + (-32 - -14))?
10
Evaluate 835 + -881 - ((0 - 15) + 7 + -5).
-33
Evaluate -15 + -4 + (0 - -23) + -43.
-39
What is -11 + -5 + (-11 + 25 - 12)?
-14
70 + -39 + -46 - 26
-41
What is the value of -52 - (4 - ((-30 - (-2 + -15)) + 8))?
-61
Evaluate (-2861 - -2834) + -75 + -3.
-105
What is the value of -6 - (-101 - -30 - (-24 - -1))?
42
Calculate -157 + (-45 + 1 + 30 - -40).
-131
Calculate 138 - 173 - (1 + 3 - (0 + 13)).
-26
What is the value of 3 + 7 + -6 + (-1 - -11) + -43 + 74?
45
Calculate 18 + 26 + (-34 - 3).
7
48 + 1 + 1 + (-8 - 16) + 18
44
Calculate -1 - -114 - (-18 + (70 + -47 - 24)).
132
What is -2 + 81 + (-11 + 7 - 6 - (1 + -24))?
92
What is the value of -7 - (-8 - (-22 + 23 + 17 + -83))?
-64
Evaluate (-66 - (-1 - 1)) + (83 - -9) + -85.
-57
Evaluate 60 + -47 + -11 + 18.
20
What is the value of -3 - (13 + 10 + -26 + (-2 - (-25 - 0)))?
-23
-1 + -53 + (-45 - -53 - 0)
-46
What is 20 + (-35 - -93 - 98)?
-20
61 + (69 - 117) + -30
-17
-17 + -11 + (45 - 12) - 34
-29
Calculate 23 + (57 - 135) + 50.
-5
What is the value of 51 + (-69 - (-10 - 36))?
28
Calculate (4 - -1 - (13 + -145)) + (10 + -10 - 13).
124
Calculate -23 + 16 + -37 + 1 + 12 - 12.
-43
Evaluate (-12 + -2 + 1 - (-164 + 144) - 60) + -1.
-54
Evaluate -27 - 1 - (38 + -83 - -37).
-20
What is (9 - (1 - 14)) + -47 + -36?
-61
What is the value of -95 + (22 + -19 - -55 - 29)?
-66
What is 1219 - 1223 - (0 + 0 - 39)?
35
Evaluate 30 - (-4 + (1 - 22) + 17).
38
-31 + -4 + (1 + (3 - 6) - (213 + -230))
-20
What is -68 + 31 + 32 + (-4 - -2)?
-7
Calculate -64 - 1 - (54 - 58 - 8) - 7.
-60
What is (0 + 0 - 8) + (6 + -8 + 14 - 83)?
-79
What is the value of -13 - -52 - 12 - (24 + -4)?
7
30 + 2 + 19 + (-20 - -16) + -6
41
What is the value of 35 + (-2 - -3) - (-4561 - -4573)?
24
What is the value of -19 - 5 - 20 - (-89 + 134)?
-89
What is the value of -21 - (-48 - (-49 - -29))?
7
151 + (-4 - -1 - (15 + -31) - (-308 - -322))
150
Calculate 277 + -157 + 17 + -79.
58
Evaluate -28 + -15 - (-7 + 11 + -6).
-41
Calculate 82 - (19 + -21) - 76.
8
Evaluate -8 + -6 + 6 + (-13 + (5 - -3) - 8).
-21
Evaluate 6 + -28 + 4 + -22 - -13.
-27
Calculate -151 + (-126 - -122) + 300.
145
What is the value of -389 + 362 + 10 + 0 + -23?
-40
What is 19 + (-4 - 33) + 9 - -12?
3
Calculate 15 + (31 - 76) + 64 + (0 - 20).
14
What is the value of (11 - 6 - 32 - -2) + -1 + -3 - -8?
-21
What is (18 - 4 - 122) + 18 - (6 - 8 - 3)?
-85
(-1 + -7 - (-22 - ((2 - 0) + -9))) + -41
-34
(1 - 13) + ((-85 - -191) + -116 - (-13 + -1))
-8
Evaluate 51 - (91 + 32 + -44).
-28
What is 0 + 1 - (-4 - (-49 - (-129 + 55)))?
30
What is 191 + -259 + -75 + 0 + 20?
-123
Calculate -15 + (-15 - (-18 + -14 + 17)).
-15
Calculate (2 - 2) + (2 - -2) + -17 + 93 + -38.
42
Calculate (-3 - -71) + 280 + -305.
43
What is the value of -1 + (9 - 11) + 14 + (-72 - 2) + -1?
-64
What is the value of -3 - (-5 + -6) - (-37 + 4 - 9)?
50
Evaluate 936 + -855 - (6 + -7 - -5 - 6).
83
Calculate (-1 - -13 - 15 - (0 - 1)) + 2 - -73.
73
(-18 + -3 - -1) + (-620 - -632)
-8
Calculate 78 - (-4 + 146) - -96.
32
What is -11 + 6 + (14 - 4) + (-2 - (24 - -3))?
-24
What is 34 + 0 + (-12 - -21) + (14 - (15 + 6))?
36
What is the value of (57 - (117 - 51)) + -7 + (4 - 0) + 13?
1
What is the value of (115 - 74) + -117 + 16?
-60
(2 - 1) + (1 - -14 - (114 - 82) - -75)
59
What is -76 + (118 - (106 + -116))?
52
What is (2261 - 2269) + (-4 - (0 + -3 - (3 + -20)))?
-26
Evaluate (9 - ((-5 + 3 - -10) + 26 + -23)) + 24.
22
(12 - -31 - 7) + -19 - 8 - -11
20
What is (1 - -13) + (52 - (-129 + 263))?
-68
Calculate -3 + -28 + (2 - -16) + (0 - -5) - 16.
-24
-282 + 332 - (66 + -9)
-7
What is -156 + 2 + -90 + (17 - -104) - (0 - -10)?
-133
Evaluate (-28 + 20 - (-12 + 1 + 1 + -2)) + 30.
34
Calculate 30 + 26 + -18 + 8.
46
Evaluate -58 - (12 + 4 + (23 - 11 - 41)).
-45
Evaluate ((-22 - -23) + -20 - -16) + (10 - -4).
11
What is 54 + (35 - (171 + -48))?
-34
Evaluate 150 + -118 - (-12 - 1).
45
-32 - (-45 + (30 - (21 - 3)))
1
What is the value of 73 + 10 + -37 - 24?
22
Evaluate (-309 + 305 - (3 + (-6 - -3))) + (5 - -82).
83
What is the value of (60 - -1) + -8429 + 8383?
15
65 - 78 - ((1 - -12 - 23) + (6 - -108))
-117
(6 - (-77 - (2 + -18))) + (-12 - 4)
51
Calculate 381 + -388 - (-43 - 1) - -23.
60
What is (0 - 1 - (15 + (-34 - -12))) + -37?
-31
What is the value of -2 - (-1817 + 1720 + ((2 - 2) + -3 - -11))?
87
Calculate 11 + (2 - 0 - (10 - (12 - 12))) - 8.
-5
What is the value of -328 - -401 - (134 - -21)?
-82
Calculate 25 - (-3 - -12 - -10) - 47.
-41
What is 11 - (-1 - 77 - (-31 - (-34 - -12 - 11)))?
91
0 + 85 - (10 + -14 + -8 + 38 + -32)
91
Calculate (168 - (96 - 62 - -30)) + (1 - 18).
87
What is 3 - -35 - (-11 + -36 + 64)?
21
-40 + (-3 - (12 + 11 + (-17 - 1)))
-48
What is the value of (-93 - (104 + -105)) + 129?
37
Evaluate -4 + 29 - (-38 + -18 + 84).
-3
Evaluate 3 - ((6 - 14) + 5) - (-24 + 4 + -5).
31
55 - (-24 + (17 - -29))
33
What is -11 - 6 - (15 - 7) - -1?
-24
What is (25 - -1) + (-306 - -404) + -64?
60
Evaluate (115 + -122 - -21) + (2 - 75).
-59
What is (-7 - 5 - -15) + 13?
16
-54 + (-3 + 3 - -1) + -1 - (-3 - -3)
-54
Evaluate -12 + -5 + (6 - (1 + -5)) + (54 - 2).
45
27 + -113 + 35 + 104
53
Evaluate -33 + 10 + -35 - (-4 - (-4 - -3 - -6)).
-49
Calculate -2 - ((-18 - (-4 + 1) - -8) + -25 + 35).
-5
Calculate -1 + 1 - 54 - (-50376 - -50355).
-33
Calculate (6 - 11) + (-9 - -9 - -12) - -15.
22
Calculate 2 - -7 - ((-18 - (6 - (4 + 2))) + -7).
34
What is -13 - (0 + (-12 - (-10 - -10)) + -1) - -5?
5
What is 12 + -19 + 10 - 12 - -10 - -48?
49
Calculate (7 - 0) + -10 + -4 + 8 + 8.
9
What is -2 + 4 + 12 + -67 + 76 + -67?
-44
What is 29 + -104 + 60 - -78?
63
Evaluate 9 - (-24 + -77 - -185).
-75
What is (-2 - (-2 + 14 + -3)) + 9 + (-63 - -8)?
-57
(-2 - (-1 + 14)) + (-67 - (-62 + -28 + 13))
-5
(9 - (5 - 34)) + -4